 of 1863 and 23.
23
Calculate the highest common factor of 1887 and 34.
17
Calculate the highest common divisor of 253 and 782.
23
What is the highest common divisor of 36 and 84?
12
Calculate the highest common factor of 288 and 648.
72
Calculate the greatest common factor of 4958 and 670.
134
Calculate the highest common divisor of 100398 and 29.
29
Calculate the greatest common factor of 65 and 80.
5
Calculate the greatest common divisor of 2016 and 56.
56
What is the highest common divisor of 60 and 210?
30
What is the greatest common divisor of 40 and 110?
10
Calculate the highest common factor of 4209 and 253.
23
Calculate the highest common divisor of 30 and 870.
30
What is the greatest common factor of 35873 and 29?
29
What is the highest common divisor of 2507 and 436?
109
What is the greatest common factor of 171 and 279?
9
What is the greatest common factor of 27007 and 113?
113
What is the greatest common divisor of 42 and 82866?
42
What is the greatest common factor of 324 and 2187?
81
What is the greatest common divisor of 200 and 768?
8
Calculate the greatest common divisor of 50 and 1250.
50
What is the highest common factor of 67 and 2479?
67
Calculate the highest common factor of 736 and 16.
16
What is the highest common divisor of 16 and 21904?
16
Calculate the greatest common factor of 23126 and 124.
62
Calculate the greatest common factor of 52 and 2964.
52
What is the greatest common divisor of 65 and 351?
13
Calculate the greatest common divisor of 35 and 70.
35
What is the highest common factor of 165 and 14465?
55
Calculate the highest common factor of 505 and 4949.
101
What is the highest common divisor of 1288 and 1380?
92
What is the highest common factor of 70 and 105?
35
What is the highest common divisor of 291 and 10573?
97
Calculate the greatest common factor of 11 and 209.
11
Calculate the highest common divisor of 200 and 16.
8
Calculate the greatest common divisor of 1610 and 70.
70
What is the highest common factor of 240 and 105?
15
What is the highest common divisor of 897 and 39?
39
What is the highest common divisor of 2035 and 22?
11
Calculate the highest common divisor of 785 and 5.
5
Calculate the highest common divisor of 4500 and 45.
45
Calculate the highest common factor of 51 and 4709.
17
Calculate the greatest common factor of 80 and 32.
16
What is the greatest common factor of 2 and 41?
1
What is the highest common divisor of 54 and 414?
18
What is the highest common divisor of 22 and 1628?
22
What is the highest common factor of 254 and 26?
2
What is the greatest common factor of 28 and 126?
14
What is the greatest common factor of 6 and 3414?
6
What is the greatest common divisor of 261 and 63?
9
What is the highest common factor of 192 and 6?
6
What is the greatest common divisor of 32201 and 26?
13
Calculate the greatest common divisor of 5586 and 42.
42
Calculate the highest common divisor of 42 and 14133.
21
What is the highest common factor of 417 and 3?
3
Calculate the greatest common factor of 2929 and 202.
101
What is the greatest common factor of 58682 and 148?
74
What is the highest common divisor of 73 and 2993?
73
Calculate the greatest common divisor of 711 and 9.
9
Calculate the highest common divisor of 30 and 20.
10
What is the highest common divisor of 90 and 13665?
15
Calculate the greatest common factor of 108 and 702.
54
What is the greatest common factor of 6 and 318?
6
Calculate the highest common divisor of 832 and 13.
13
Calculate the highest common divisor of 5866 and 42.
14
Calculate the greatest common factor of 30 and 200.
10
What is the highest common factor of 1 and 245?
1
What is the greatest common divisor of 47 and 376?
47
Calculate the highest common divisor of 112 and 1064.
56
What is the greatest common divisor of 64 and 184?
8
Calculate the greatest common divisor of 177 and 1888.
59
Calculate the highest common divisor of 297 and 135.
27
What is the highest common divisor of 9621 and 9?
9
Calculate the highest common factor of 98 and 882.
98
Calculate the highest common divisor of 1426 and 310.
62
What is the greatest common factor of 8 and 488?
8
Calculate the highest common factor of 27 and 495.
9
Calculate the highest common factor of 46 and 414.
46
Calculate the greatest common factor of 781 and 22.
11
Calculate the greatest common factor of 136 and 472.
8
Calculate the greatest common divisor of 253 and 55.
11
What is the greatest common divisor of 18331 and 23?
23
Calculate the greatest common factor of 272 and 34.
34
What is the highest common factor of 430 and 129?
43
What is the greatest common factor of 882 and 36?
18
Calculate the greatest common divisor of 18 and 186.
6
What is the highest common divisor of 7 and 2611?
7
Calculate the greatest common divisor of 49 and 700.
7
Calculate the highest common divisor of 165 and 9.
3
What is the greatest common divisor of 259 and 14?
7
Calculate the highest common divisor of 1044 and 3364.
116
Calculate the highest common divisor of 12 and 1962.
6
Calculate the greatest common factor of 96 and 33.
3
Calculate the highest common factor of 20250 and 250.
250
What is the highest common factor of 160 and 7520?
160
What is the highest common factor of 187 and 272?
17
What is the highest common divisor of 696 and 12?
12
What is the greatest common divisor of 528 and 144?
48
What is the highest common factor of 60 and 1788?
12
Calculate the greatest common factor of 12795 and 105.
15
What is the greatest common factor of 72 and 6174?
18
What is the greatest common factor of 12 and 54?
6
What is the greatest common divisor of 5700 and 75?
75
What is the greatest common divisor of 4053 and 357?
21
What is the greatest common divisor of 68 and 459?
17
What is the highest common factor of 168 and 888?
24
Calculate the highest common divisor of 14252 and 42.
14
What is the greatest common factor of 68 and 1972?
68
What is the greatest common divisor of 198 and 90?
18
Calculate the greatest common factor of 2353 and 91.
13
What is the highest common divisor of 456 and 399?
57
What is the greatest common factor of 48 and 11112?
24
What is the highest common divisor of 285 and 627?
57
Calculate the highest common divisor of 32 and 1728.
32
What is the greatest common factor of 16 and 6028?
4
What is the greatest common factor of 64 and 56?
8
What is the highest common divisor of 648 and 81?
81
What is the highest common divisor of 59 and 4?
1
What is the highest common divisor of 713 and 31?
31
What is the greatest common factor of 13 and 11?
1
What is the greatest common factor of 9 and 240?
3
Calculate the greatest common factor of 9291 and 114.
57
Calculate the highest common factor of 80 and 336.
16
What is the highest common divisor of 432 and 11328?
48
What is the greatest common divisor of 145 and 50?
5
Calculate the highest common divisor of 18 and 48.
6
Calculate the greatest common factor of 135 and 465.
15
Calculate the highest common divisor of 3 and 14.
1
What is the highest common factor of 10076 and 11?
11
Calculate the greatest common divisor of 713 and 651.
31
What is the greatest common factor of 208 and 304?
16
What is the greatest common factor of 84 and 182?
14
What is the highest common divisor of 85 and 70?
5
Calculate the greatest common factor of 672 and 420.
84
Calculate the highest common divisor of 3530 and 90.
10
What is the greatest common divisor of 12 and 12156?
12
Calculate the highest common factor of 500 and 375.
125
What is the highest common factor of 3713 and 47?
47
What is the highest common factor of 533 and 41?
41
Calculate the highest common factor of 1258 and 34.
34
Calculate the highest common factor of 1081 and 46.
23
What is the greatest common divisor of 8 and 146?
2
What is the greatest common factor of 714 and 8330?
238
What is the greatest common divisor of 15 and 16965?
15
What is the greatest common factor of 227 and 1?
1
What is the greatest common factor of 98 and 49?
49
Calculate the greatest common factor of 22 and 33.
11
What is the highest common divisor of 1562 and 22?
22
Calculate the greatest common divisor of 6 and 81.
3
Calculate the greatest common divisor of 57 and 38.
19
Calculate the greatest common factor of 36 and 44.
4
What is the highest co